r of 5250 and 1650.
150
Calculate the highest common divisor of 2041 and 26.
13
Calculate the greatest common factor of 459 and 102.
51
Calculate the highest common divisor of 37965 and 15.
15
What is the greatest common factor of 15 and 35?
5
Calculate the greatest common divisor of 157 and 3611.
157
What is the highest common factor of 42 and 96?
6
What is the greatest common factor of 615 and 120?
15
Calculate the highest common factor of 6225 and 830.
415
Calculate the highest common factor of 654 and 6.
6
Calculate the greatest common divisor of 6996 and 72.
12
Calculate the highest common divisor of 500 and 3175.
25
Calculate the greatest common factor of 12 and 1458.
6
What is the highest common divisor of 37 and 81?
1
What is the greatest common divisor of 20 and 86?
2
Calculate the highest common factor of 460 and 4025.
115
Calculate the greatest common factor of 1155 and 5313.
231
Calculate the greatest common divisor of 88 and 16038.
22
What is the highest common factor of 234 and 16?
2
Calculate the greatest common divisor of 21167 and 61.
61
Calculate the greatest common factor of 280 and 14.
14
What is the highest common divisor of 176 and 55?
11
Calculate the highest common divisor of 36 and 414.
18
What is the greatest common divisor of 2580 and 510?
30
Calculate the highest common factor of 2168 and 8.
8
What is the highest common factor of 2 and 1058?
2
Calculate the highest common factor of 1704 and 71.
71
Calculate the greatest common factor of 248 and 4.
4
What is the greatest common divisor of 111 and 7?
1
Calculate the highest common divisor of 1572 and 48.
12
What is the highest common factor of 1816 and 24?
8
What is the greatest common factor of 576 and 320?
64
Calculate the highest common factor of 49520 and 80.
80
What is the highest common divisor of 66 and 4686?
66
Calculate the greatest common factor of 1224 and 17.
17
What is the greatest common factor of 13 and 45071?
13
Calculate the greatest common factor of 56 and 8.
8
What is the highest common factor of 33 and 22?
11
Calculate the greatest common divisor of 135 and 5.
5
Calculate the greatest common factor of 94 and 3619.
47
What is the greatest common divisor of 24 and 72?
24
Calculate the highest common divisor of 99 and 279.
9
Calculate the highest common factor of 210 and 750.
30
Calculate the greatest common divisor of 198 and 11.
11
Calculate the greatest common divisor of 10 and 10.
10
Calculate the greatest common factor of 18 and 2.
2
What is the greatest common factor of 9 and 24?
3
Calculate the greatest common factor of 915 and 60.
15
What is the highest common factor of 334 and 4?
2
Calculate the highest common factor of 80 and 170.
10
Calculate the highest common factor of 7810 and 110.
110
Calculate the highest common divisor of 135 and 4806.
27
What is the highest common divisor of 26 and 507?
13
Calculate the greatest common divisor of 40 and 96.
8
Calculate the greatest common divisor of 21 and 2247.
21
Calculate the highest common factor of 16 and 1816.
8
Calculate the greatest common factor of 927 and 7931.
103
What is the highest common divisor of 1296 and 2835?
81
Calculate the greatest common divisor of 2519 and 33.
11
Calculate the highest common factor of 252 and 10116.
36
What is the highest common factor of 58 and 23983?
29
What is the greatest common factor of 2013 and 231?
33
Calculate the highest common divisor of 96 and 6.
6
What is the greatest common factor of 9307 and 123?
41
What is the greatest common divisor of 415 and 166?
83
What is the highest common divisor of 1037 and 697?
17
What is the greatest common divisor of 50 and 65?
5
Calculate the greatest common factor of 69138 and 23.
23
What is the highest common factor of 26143 and 26?
13
What is the highest common factor of 45510 and 222?
222
What is the greatest common factor of 1048 and 216?
8
Calculate the greatest common divisor of 45 and 220.
5
What is the highest common divisor of 153 and 969?
51
Calculate the highest common factor of 15 and 2595.
15
What is the greatest common divisor of 119 and 35?
7
Calculate the greatest common divisor of 13 and 169.
13
Calculate the greatest common divisor of 11 and 7.
1
Calculate the highest common factor of 41 and 1.
1
Calculate the greatest common factor of 55 and 16016.
11
What is the greatest common divisor of 108 and 24?
12
What is the greatest common factor of 12 and 444?
12
Calculate the highest common divisor of 296 and 37.
37
Calculate the greatest common factor of 559 and 43.
43
What is the highest common divisor of 4 and 10?
2
Calculate the highest common divisor of 68 and 68.
68
What is the highest common factor of 798 and 42?
42
What is the greatest common divisor of 33 and 22?
11
Calculate the greatest common divisor of 6 and 15.
3
What is the greatest common factor of 132 and 1122?
66
Calculate the greatest common factor of 25017 and 93.
93
Calculate the greatest common divisor of 2148 and 16.
4
What is the highest common factor of 2 and 230?
2
Calculate the greatest common divisor of 4464 and 144.
144
What is the highest common factor of 4427 and 38?
19
Calculate the highest common divisor of 12 and 12.
12
Calculate the greatest common divisor of 102 and 1326.
102
Calculate the greatest common divisor of 186 and 26598.
186
Calculate the highest common factor of 130 and 20.
10
Calculate the greatest common divisor of 39 and 1719.
3
Calculate the highest common factor of 16 and 52.
4
What is the greatest common factor of 11786 and 213?
71
What is the greatest common divisor of 69 and 161?
23
Calculate the highest common factor of 81 and 297.
27
What is the highest common divisor of 1190 and 136?
34
What is the highest common divisor of 129 and 86?
43
Calculate the greatest common factor of 6020 and 14.
14
What is the greatest common factor of 252 and 84?
84
What is the highest common factor of 112 and 32?
16
Calculate the greatest common divisor of 1784 and 21631.
223
Calculate the greatest common divisor of 75 and 5000.
25
Calculate the highest common factor of 10 and 145.
5
What is the greatest common divisor of 72 and 408?
24
Calculate the greatest common factor of 623 and 14.
7
What is the greatest common divisor of 32 and 568?
8
What is the highest common factor of 713 and 23?
23
What is the greatest common divisor of 99 and 1617?
33
What is the greatest common factor of 10384 and 352?
176
Calculate the greatest common factor of 16 and 688.
16
What is the greatest common factor of 8 and 10?
2
Calculate the highest common divisor of 253 and 11.
11
What is the highest common divisor of 704 and 1216?
64
Calculate the highest common divisor of 108 and 96.
12
What is the greatest common factor of 938 and 14?
14
Calculate the highest common divisor of 5000 and 280.
40
Calculate the highest common divisor of 6 and 643.
1
Calculate the highest common factor of 1305 and 174.
87
Calculate the greatest common divisor of 50 and 4640.
10
What is the highest common divisor of 3567 and 609?
87
Calculate the greatest common divisor of 29 and 1189.
29
What is the greatest common divisor of 8 and 134?
2
Calculate the highest common factor of 145 and 232.
29
What is the greatest common factor of 2755 and 285?
95
Calculate the highest common factor of 3 and 53.
1
What is the greatest common factor of 4345 and 22?
11
What is the highest common divisor of 43 and 2021?
43
Calculate the greatest common factor of 79 and 395.
79
What is the highest common divisor of 12716 and 1870?
374
What is the greatest common divisor of 165 and 75?
15
What is the highest common divisor of 80 and 185?
5
Calculate the highest common divisor of 50 and 4.
2
Calculate the greatest common factor of 209 and 38.
19
Calculate the highest common factor of 34 and 8.
2
Calculate the highest common factor of 18 and 6246.
18
Calculate the greatest common factor of 256 and 800.
32
Calculate the highest common factor of 6 and 202.
2
Calculate the greatest common divisor of 150 and 550.
50
What is the highest common divisor of 180 and 660?
60
What is the highest common factor of 144 and 27?
9
Calculate the highest common divisor of 568 and 71.
71
Calculate the greatest common divisor of 39 and 286.
13
Calculate the highest common divisor of 250 and 8950